uppose -4*k + 9 = -3*k. Let n be g(k). Suppose n*p + 1304 = 6*p. Is p composite?
True
Let q be -2 - (-7)/((-21)/(-96)). Let r be (-12)/q - 24/(-10). Suppose -358 - 179 = -r*l + 3*x, 3*x = -3*l + 798. Is l a prime number?
False
Let i(k) be the first derivative of -6*k**2 + 35*k - 54. Is i(-24) a prime number?
False
Suppose -c - 9 - 16 = -2*b, -c - 5 = 0. Is 440 + (b - (-5)/(-1)) composite?
True
Let c(d) = -15*d - 4. Suppose 5*r + 40 = -600. Let g be r/10 - (-1)/(-5). Is c(g) a composite number?
False
Let n = -1808 + 1244. Is n/21*-17 + (-9)/(-21) a composite number?
False
Let z = -3 + 12. Let c be (2/(6/z))/1. Suppose 0 = c*m + 5*a - 1426, -4*m + 1246 = 5*a - 647. Is m prime?
True
Is ((-72)/12)/6*-15629 composite?
False
Let n(a) = a**2 - 5*a + 3. Let m be n(3). Let h(z) = 14*z**3 + 1. Let u be h(m). Is 3*1 + (11 - u) a prime number?
False
Is -2*(7 + (-54817)/14) a composite number?
False
Suppose -3*p + 2976 = 13*t - 9*t, 2*p - t = 1984. Let q = p + 1103. Is q composite?
True
Let f = 20891 + -12489. Is f a prime number?
False
Suppose -8*s = -17*s + 27. Suppose -s*p + 566 = -571. Is p a composite number?
False
Let b = 71 - 125. Let d be (b/(-6))/((-6)/(-28)). Let z = d + -11. Is z a composite number?
False
Suppose -3*g = 3*m, 4*g + 3 + 29 = 4*m. Suppose -3*a + 8*a - 10 = 0. Suppose -r - 3*r = 3*w - 2365, -m*w = -a*r - 3146. Is w a composite number?
False
Let f = 59561 + -40384. Is f composite?
True
Suppose -9665 = 9*q - 44684. Is q composite?
True
Suppose -3*w = -12, -93300 = -3*v + 4*w - 15373. Is v a prime number?
True
Suppose 0 = 12*m + 67*m - 11131811. Is m a prime number?
True
Let f(j) = -7*j + j**2 - 4 + 0*j**2 + 5*j. Let i be f(11). Is -2*1*i/(-10) composite?
False
Suppose -4*k = h + 6, 0*h + 5*k = -2*h - 6. Suppose -753 = -y - h*y. Is y composite?
False
Suppose -5*p = 3*c - 8*c - 14695, -2*p - 2*c = -5878. Is p composite?
False
Suppose 43*x = 1495766 + 63027. Is x a composite number?
False
Suppose 4*g + 0*g = 2292. Suppose 5*x + g - 1748 = 0. Is x prime?
False
Is (-26984)/(-2) + 1 + -10 prime?
False
Suppose 3*c + 4*h + 282 = -h, -3*h = 0. Let q = 29 - c. Is q composite?
True
Suppose 0*u = -3*u + 9. Suppose -u*b = 3*a - 24, -2*b + 4*a - 2 = -b. Suppose 3*j - b*j + 489 = 0. Is j prime?
True
Is (-313880)/(-70) + (-1 - -4) prime?
False
Suppose 2*h - 8000 = -0*h. Suppose 2*s = -2*s + h. Suppose -3*c = z - 6*c - 248, -4*c = -4*z + s. Is z composite?
False
Let v(g) = -g**2 + 19*g + 21. Is v(14) a composite number?
True
Let p(k) = 53*k**2 - 23*k - 19. Is p(-9) prime?
True
Suppose 4*w + 5874 = -3*f + 5*f, 2*f = 2*w + 5872. Is f prime?
False
Suppose -38 = -2*w - 38. Suppose 0 = 4*i + 3*r - 1580, w*i = 3*i + r - 1185. Is i a composite number?
True
Let b be ((-4)/6 + 0)*(-15)/2. Suppose 4*h - b*v = 883, 2*v + 107 = h - 116. Is h composite?
True
Let m(o) = 10*o**3 - 6*o**2 - o + 5. Let r be m(6). Let c be 10 - (-75)/(-5 + 0). Is ((2 + r)/c)/(-1) a composite number?
False
Suppose 43 = 2*o + 5*v, -9*o + 11*o - 2*v - 36 = 0. Suppose 31379 = o*j - 12074. Is j prime?
True
Let r be -2 - 2*(-1 - 0). Suppose -4*t - 3*k + 499 = r, 5*t + 2*k = -k + 620. Is t a prime number?
False
Suppose 0 = 5*j + 5*r, 0*r = 3*j + r - 10. Let m(k) = 24*k**2 + 3*k - 5. Let y be m(j). Suppose -6*c + 11*c - y = 5*b, -3*b + 229 = 2*c. Is c composite?
True
Suppose -86*f + 83*f = -15156. Suppose 4*v + 0*v = f. Is v a composite number?
True
Suppose 0 = 4*r - 7*m + 5*m - 9632, 3*r + 5*m - 7211 = 0. Is r a composite number?
True
Suppose -k - 4*s = -53001, -k - 2*s = 6309 - 59300. Is k composite?
False
Let f be -19*(-11 + (-2 - 0)). Suppose -f = -h + 4*y + 274, -4*h + 2144 = -4*y. Is h composite?
False
Let j(a) = 81*a + 41011. Is j(0) a composite number?
False
Let v be -16*(135/(-2) + (-8)/2). Suppose v - 10922 = -2*n. Is n composite?
False
Suppose -3*z - 2*w - 73 = 0, -3*w - 6 = 9. Let p be 112/z + 4/(-6). Let u = p + 227. Is u a composite number?
True
Let f = 5661 - -20324. Is f prime?
False
Let k(p) = -5*p**3 - 24*p**2 + 25*p + 9. Is k(-17) prime?
False
Suppose v + 4 = o - 0*v, -3*v - 9 = 0. Suppose 15 = 3*i - 3*c, -4 + o = c. Suppose -2*r + g + 241 = -342, 0 = r + i*g - 299. Is r a composite number?
False
Suppose 3*o = -o + 16. Suppose -o*j - 3466 = -2*u, 0*u + 3466 = 2*u - j. Is u prime?
True
Is 72/684 - ((-266777)/(-19))/(-1) a composite number?
True
Let x(y) = y**2 + 6*y - 5. Let d be x(-7). Let a be d/3*(-1032)/(-8). Suppose 5*g = 3*k - a, -g + 0*g - 106 = -3*k. Is k a prime number?
True
Suppose 6*n = n. Suppose n = -3*o + 11736 + 5133. Is o a prime number?
True
Let l(k) = -541*k**3 + 7*k + 7. Is l(-2) composite?
True
Let b(o) = -o**2 - 7*o + 2. Let n be b(-7). Suppose -8*a - 1473 = -3*a - 4*h, -4*a = n*h + 1194. Let l = -155 - a. Is l a prime number?
False
Let s(o) = 6*o**3 - 12*o**2 - 4*o - 11. Let m(n) = -n**3 + n**2 - 1. Let r(k) = -5*m(k) - s(k). Let q be r(8). Let c = q - -71. Is c prime?
False
Let m be ((-4)/6)/(16/24). Let d be m/(-2) + (-1580)/(-8). Is 3/(d/(-68) + 3) composite?
True
Let l be 2/1 - (-168)/(-14). Let o be 64/l - 8/(-20). Let m = o + 37. Is m a prime number?
True
Suppose 0 = -8*w + 121431 + 38945. Is w a prime number?
True
Is 4*-719*(2565/(-60))/9 prime?
False
Let a = 7688 + -2859. Is a composite?
True
Let p(k) = -k**3 + 2*k**2 + 5*k + 1. Let o be p(3). Let a(f) = -2*f + 3 - 9*f + 11*f**2 + 5 - f**3. Is a(o) prime?
True
Suppose 2*r = 9*r - 42. Suppose 4*k = 4*o + 2016, -3*k - r*o = -o - 1472. Is k a composite number?
False
Let g = -43 + 47. Is 8/(48/558) + g a composite number?
False
Let w(m) = 2*m**2 + 7*m + 6. Let l be w(-3). Suppose 4*o - 239 = l*o. Is o a prime number?
True
Suppose 0 = -0*n - 4*n + 8. Let g be (3/(-1))/(-3)*n. Suppose 41 = g*v - 213. Is v composite?
False
Let v = -4014 + 6451. Is v prime?
True
Suppose -2*m + 3070 = 788. Is m a prime number?
False
Let s = -5927 + 10018. Is s prime?
True
Let f(r) = -2*r**3 + r + 5*r - 2*r + r**2 + 12 - 3. Let p be f(-5). Suppose 0 = -2*v - 4*q + 470, v - p + 27 = -4*q. Is v a composite number?
False
Let p = 35 + -17. Suppose -p*u = -20*u + 1814. Is u a composite number?
False
Suppose -3*m + 2*m = 0. Suppose u - 42 = -3*n, m*u - 4*n + 43 = u. Is -1 - (-13)/(u/450) a composite number?
False
Let u(t) = -t**3 + 2*t**2 + 2*t + 1. Let g be u(-1). Suppose 4*j - 41 - 179 = 4*y, 0 = g*y + 10. Let k = -28 + j. Is k a prime number?
False
Let d(j) = -329*j - 3. Let o(s) = 659*s + 7. Suppose -g - 21 = 4*k, -k = 2*g + 10 - 3. Let l(q) = k*d(q) - 2*o(q). Is l(2) prime?
False
Suppose 34*y - 3524639 + 379129 = 0. Is y composite?
True
Let k = 34646 - -6725. Is k composite?
True
Suppose 29*m = 63*m - 1930418. Is m a composite number?
True
Is (10897 - -118)*(-1)/(-5) composite?
False
Suppose -25 = 5*t, 5*n + 5*t - 7402 = 1808. Is n a composite number?
False
Is -1 + 15445*24/20 a prime number?
False
Suppose 6*g - 769 - 569 = 0. Is (-1)/(-1)*(0 + g) a composite number?
False
Let j be (-11 + 18)*(-12)/(-14). Suppose -2185 = j*o - 7831. Is o a prime number?
True
Let p = -13 + -8. Is 20/(-35) + (-19269)/p a prime number?
False
Let s(i) = 68*i**2 + 2*i + 71. Is s(-7) a prime number?
True
Suppose 0*o = -3*o + 6. Suppose 12 = o*a + 3*p, -a + 5*p = a + 20. Suppose 4 = 4*k, 2*y + 2*k - 4*k - 152 = a. Is y composite?
True
Suppose -178*s = -166*s - 80772. Is s a composite number?
True
Let p(y) = 2*y**3 + 3*y**2 - 11*y + 1. Let t be (-14)/2*12/14. Let a(w) = w - 1. Let s(b) = t*a(b) - p(b). Is s(-4) prime?
False
Let w(g) = g**3 - 10*g**2 - 4*g + 17. Suppose 0 = -5*u + 41 + 29. Is w(u) composite?
True
Suppose -11*u + 120123 = -44338. Is u a prime number?
True
Let j(l) = -11*l**2 - l + 2. Let s be j(7). Let x = -956 - s. Is 3 - (x + -3 + -1) prime?
True
Suppose 2*w - 3*n - 3 = 5, 4*w - 44 = -n. Let r(y) = 3*y**2 + 6*y + 10. Let k be r(w). Suppose 2*p - 4*o - k = 0, o + 2*o - 773 = -4*p. Is p composite?
False
Suppose -2 = -2*i + 2. Suppose i = h - 0. Suppose -5*t - 5*b + 1905 = 0, -2*t + 5*t - 1133 = h*b. Is t a composite number?
False
Let t be (-1*7 - -2)/(-1). Let f(a) = a**3 + 15*a**2 - 16*a + 3. Let p be f(-16). Suppose -p*z = -5*z + 5*u + 395, u = -t. Is z a composite number?
True
Is (-1716)/156 - (0 + -92596) a composite number?
True
Suppose -2*o + 102*d = 100*d - 91648, 3*o = d + 137478. Is o a composite number?
False
Suppose 0